l = p - 14. Suppose z = 4*b - l, 4*b - 2*z - 48 = 3*z. What is the units digit of b?
7
Let r(d) = 31*d**2 - 4*d + 5. What is the units digit of r(2)?
1
Let z(r) be the third derivative of r**6/120 + 7*r**5/60 - r**4/8 - r**3/2 + 5*r**2. What is the units digit of z(-7)?
8
Let z(d) = 8*d + 9. Let v be z(-4). Let a = v + 41. What is the tens digit of a?
1
Suppose 2*i = 41 + 13. What is the tens digit of i?
2
Let t(l) = l**3 - 3*l**2 - 3*l. Suppose 0 = 3*a - n - 7, -n - 2 = -2*a + 1. What is the units digit of t(a)?
4
Suppose 0 = d + 3*s - 138, 2*s = -4*d + 61 + 501. What is the hundreds digit of d?
1
Suppose 0 = -s + 4*p + 281 - 2, -s - p + 299 = 0. What is the tens digit of s?
9
Let j = -5 - -7. Let y(u) = -2*u + 4. Let b be y(-8). Suppose j*l = 4*v - b, 5*v + 3*l = v. What is the units digit of v?
3
Let f be 3/(-2)*2*-1. Let j(s) = 1 + 0 + f*s - s. What is the units digit of j(2)?
5
Let h(u) be the third derivative of -u**6/8 - u**5/60 - u**4/24 - 2*u**2. What is the tens digit of h(-1)?
1
What is the units digit of 2*(1 + 15/6)?
7
Let g be 2 - (-4 + (2 - -1)). Suppose -g*q = 2*q - 20. What is the units digit of q?
4
Suppose -12*r + 13*r - 83 = 0. What is the tens digit of r?
8
Suppose 2*n = -5*c + 16, 5*n - 2 + 32 = 5*c. Suppose c = 2*i - 28. What is the units digit of i?
6
Suppose -4*v + 9*v = -t + 422, -4*v + 328 = -4*t. What is the tens digit of v?
8
Let g(m) = 6 - 3*m + m**3 - 2*m + m - 3*m**2. Let o be g(4). What is the units digit of 0 + (-21)/(o/(-2))?
7
Suppose t + 18 = 3*t. Let x be (3/t)/(2/18). Suppose 17 = x*z - 34. What is the tens digit of z?
1
Let g(z) = -1 + z + 4 + 1. Let v be g(6). Suppose -2*u = -3*q + v, -2*u - 14 = -4*q + u. What is the units digit of q?
2
Let n = -1 - -10. Let x = n + -3. What is the units digit of x?
6
Let q be 4/(-5)*5/(-2). Suppose 0*d = -d + q. Let c = 4 - d. What is the units digit of c?
2
Suppose -f = 2*f - 9. Suppose -k + 4*a = f*a + 1, -2*k = -3*a + 5. What is the units digit of k?
2
What is the units digit of 9/3 - (-55 + -2)?
0
Suppose 0*v = 2*v - 3*y - 81, -33 = -v + 4*y. Let w = 79 - v. What is the tens digit of w?
3
Let n(w) = -4*w + 1. Let p(b) be the third derivative of -b**6/120 + b**5/10 - b**3/3 + 3*b**2. Let k be p(6). What is the units digit of n(k)?
9
Let q(m) = -m**3 + 5*m**2 - 3*m - 3. Let k be q(4). Suppose -2*w - 10 = o, o + 15 = -5*w - k. What is the units digit of 1*(-2)/(o/3)?
1
Let n = -16 - 8. Let q = 13 - n. What is the tens digit of q?
3
Suppose -3*d = 3*b - 561, 5*d = -5*b + 2*d + 931. What is the units digit of b?
5
Let s(d) = 2*d**2 + d + 2. Let y be s(2). Suppose -5*a = -2*a - y. What is the units digit of a?
4
Let y = 9 + -7. Suppose -y*q = 1 - 5. Suppose 7*f - 41 = 4*f + 4*h, 2*f - q*h - 24 = 0. What is the units digit of f?
7
Suppose 4*q - 37 = -4*z - 5, -5*z + 60 = q. What is the units digit of z?
3
Let s(j) = -j + 17. Suppose 4*b + 0*b = 0. What is the tens digit of s(b)?
1
Suppose -5*a = v - 41, 5*v - 4*a = -0*v + 147. Suppose -5*r + 4*r + v = 0. Suppose -3*d - 30 = -4*b + 19, b - r = -3*d. What is the tens digit of b?
1
Suppose -l + 0*l = -5. What is the units digit of 2/6*75/l?
5
Suppose -2*m + 2*h - 540 = -7*m, 5*m = -4*h + 540. What is the units digit of m?
8
Suppose -5 = -5*y + 5. Let l be (-1 - y)*(-19)/3. Let w = l + -10. What is the units digit of w?
9
Let j(i) = i**2 + i + 4. Let l be j(0). Suppose 2*d + r = 6*r - 13, -l*d + 2*r - 2 = 0. What is the units digit of d?
1
What is the units digit of (6/(-9))/((-2)/18)?
6
Let k = 61 - 115. Let h = k + 95. What is the units digit of h?
1
Let i(n) = -n - 1. Let p be i(-3). What is the tens digit of ((-37 - 3) + p)/(-2)?
1
Let n(t) = -t**3 - 6*t**2 - 6*t. Let d be n(-5). Let r be 2/d + 16/10. Suppose -r*c + 6 = c. What is the units digit of c?
2
Let o = -10 - -3. Let t(r) = r**2 + 5*r - 8. Let h be t(o). Let p = h + -1. What is the units digit of p?
5
Suppose -2*o + 5*z + 12 - 3 = 0, 3*z + 11 = 4*o. Suppose -3*a + o = v - 4, 4*v - 2*a = 80. Let w = -13 + v. What is the units digit of w?
5
Let w(f) = -f**3 - 8*f**2 + 8*f - 5. Let h be w(-9). Suppose 2*r + 6*i - 5*i - 85 = 0, -r + h*i = -47. What is the units digit of r?
3
Suppose -3*x - 174 = -6*x. What is the units digit of x?
8
Let w(i) = 5*i**2 + 5*i + 8. What is the hundreds digit of w(-5)?
1
Let a be 3*(2 - (-9)/1). Suppose -1 = 4*t - a. What is the units digit of t?
8
Let p(b) = -b**2 - 6*b + 4. Let d = -17 + 11. Let u be p(d). Suppose 4*z + 5*s - 1 = 0, -u = 5*z - 3*z + 4*s. What is the units digit of z?
4
Suppose -3*k + 73 + 236 = 0. What is the tens digit of k?
0
Suppose 0 = -5*b + f - 3*f + 197, f - 40 = -b. What is the units digit of b?
9
Let y be 3*-1*(2 + -3). Suppose -3*i + 37 = m, -y*i + 0*m = -m - 41. What is the tens digit of i?
1
What is the tens digit of (-1 - (-92)/(-28))*-7?
3
Let f be (-14)/8 + (-4)/16. What is the units digit of f/7 - 9/(-7)?
1
Let g = 22 + -20. Suppose 210 = 3*c + g*c. What is the units digit of c?
2
What is the tens digit of (-342)/(-3 - 0) - 4?
1
Suppose 10 = 3*u + 2*u. What is the units digit of u/3 - (-104)/24?
5
Let r(d) = -3*d - 1. Let m(h) = 6*h + 1. Let t(u) = 6*m(u) + 13*r(u). Let x be 0*(-3)/(-9) - (9 - 1). What is the units digit of t(x)?
7
Suppose -26 = -5*z + 34. What is the units digit of z?
2
Let n be (-4)/14 + 279/21. Suppose 2*p = -2, 3*g - 2*g - 1 = -2*p. Suppose -n = -g*o - 4. What is the units digit of o?
3
Let g(d) = -22*d**3 + 2*d**2 - 1. Let l be g(-1). Suppose -3*f + 6*f + 4*w + l = 0, -8 = 2*f - w. What is the units digit of -2 + (-4)/(-1) - f?
7
Let f(b) = b**2 + 6*b + 2. Let u be f(-6). Suppose -u*q = 3*m - 5*q + 6, -2*m = -4*q. Let d = m + 7. What is the units digit of d?
3
Let y = 33 + -7. What is the tens digit of y?
2
Let t be (4 - 0)*-1*-1. Suppose 7*i - 12 = t*i. What is the units digit of i?
4
Let o(t) = 36*t - 3. What is the units digit of o(1)?
3
Suppose 2*x - 38 = -0*x. Let u = x + -12. What is the units digit of u?
7
Suppose 2*v = -5 - 3. Let h be (-1 - 42/3) + -2. What is the units digit of h/v - (-7)/(-28)?
4
Suppose o = 4*k + 7 - 1, -2*k + o = 4. What is the units digit of ((-4 + k)*-1)/1?
5
Suppose 0 = 2*v + 3*v - 20. What is the units digit of v?
4
Let q be (2 + (-5)/4)*4. What is the tens digit of (-2)/((-111)/(-39) - q)?
1
Suppose -5 - 15 = 4*k. Let w = k - -7. What is the units digit of w?
2
Suppose 4*h - 5*d + 43 = 0, 3*d + 21 - 6 = 0. Let s(u) = u**2 + 15*u - 16. What is the units digit of s(h)?
8
Let w(p) = -p - 3. Let o be w(-6). Suppose 8*f - o*f = 100. What is the tens digit of 107/5 + (-8)/f?
2
Let o(s) = s**3 + 4*s**2 + 3*s + 1. What is the units digit of o(-3)?
1
Let a be ((-1)/2)/(7/(-350)). Let y = a - -15. What is the units digit of 4/14 + y/7?
6
Suppose 0 = 3*z - 7 - 11. Let l be (27/(-2))/((-3)/z). Let d = 39 - l. What is the units digit of d?
2
Suppose -5*m = -6 - 4. Suppose 5*t + m*u = 20, -4*t + 15 = 3*u - 8. Suppose b - 4 = t. What is the units digit of b?
6
Let o(j) = 3*j + 16. Let c(x) = x + 5. Let r(w) = 7*c(w) - 2*o(w). What is the units digit of r(4)?
7
Suppose -2*o - 3*q = 2*q - 47, -3*q = -5*o + 40. Suppose o - 26 = -v. What is the tens digit of v?
1
Let v(x) = x**3 + 9*x**2 - 11*x - 2. Let t be v(-10). Suppose -5*a + 240 = 5*m, -3*m - 10 = -t*m. What is the tens digit of a?
4
What is the tens digit of (-6)/(-27) - 1932/(-54)?
3
Let u be (8/5)/((-1)/(-25)). Suppose 5*i - u = i. What is the tens digit of i?
1
Suppose 5*o - 532 = 3*f, -4*o + 408 = -0*f + 2*f. What is the hundreds digit of o?
1
Let b = 63 + -24. What is the units digit of b?
9
Let z be ((-20)/(-16))/(1/(-8)). Let n = z - -9. What is the units digit of 3/(-3)*2/n?
2
Let s(k) = -k**2 + 8*k - 9. Let f be s(7). What is the units digit of ((-112)/(-6))/(f/(-3))?
8
Suppose y - 4*z = -5, -3*z + z + 7 = -5*y. What is the units digit of 14 + 1*(y - 0)?
3
What is the tens digit of 2/(-5) - 424/(-10)?
4
Let s = 58 - 40. What is the tens digit of s?
1
Suppose 2*f - 7*f = -375. Let l = -39 + f. What is the tens digit of l?
3
Let l = -98 - -192. What is the tens digit of l?
9
Let o = -9 - -5. Let v be 6/(o - (-6 - -3)). Let y = 6 - v. What is the units digit of y?
2
Let m = 2 - -3. Suppose 24 = m*w - 31. What is the units digit of w?
1
Let f = -4 - -10. Suppose -3*u - 15 = -f. What is the units dig